{"id":3882,"date":"2022-08-03T15:18:49","date_gmt":"2022-08-03T15:18:49","guid":{"rendered":"https:\/\/jobs.rsbdesign.de\/letraiteur\/?page_id=3882"},"modified":"2022-10-14T08:07:01","modified_gmt":"2022-10-14T08:07:01","slug":"impressum","status":"publish","type":"page","link":"https:\/\/www.le-traiteur.de\/index.php\/impressum\/","title":{"rendered":"Impressum"},"content":{"rendered":"<div class=\"fusion-fullwidth fullwidth-box fusion-builder-row-1 fusion-flex-container nonhundred-percent-fullwidth non-hundred-percent-height-scrolling\" style=\"background-color: rgba(255,255,255,0);background-position: center center;background-repeat: no-repeat;border-width: 0px 0px 0px 0px;border-color:var(--awb-color2);border-style:solid;\" ><div class=\"fusion-builder-row fusion-row fusion-flex-align-items-flex-start\" style=\"max-width:1430px;margin-left: calc(-4% \/ 2 );margin-right: calc(-4% \/ 2 );\"><div class=\"fusion-layout-column fusion_builder_column fusion-builder-column-0 fusion_builder_column_1_1 1_1 fusion-flex-column\"><div class=\"fusion-column-wrapper fusion-flex-justify-content-flex-start fusion-content-layout-column\" style=\"background-position:left top;background-repeat:no-repeat;-webkit-background-size:cover;-moz-background-size:cover;-o-background-size:cover;background-size:cover;padding: 0px 0px 0px 0px;\"><div class=\"fusion-text fusion-text-1\"><\/p>\n<h2>Impressum<\/h2>\n<h2>Le Traiteur Cateringservice<\/h2>\n<p>Tulpenweg 9<br \/>42579 Heiligenhaus<br \/>Tel.: 0170 &#8211; 166 52 52<br \/>Fax: 02054 &#8211; 93 57 49<br \/>E-Mail: <a href=\"mailto:traiteur@t-online.de\">traiteur@t-online.de<\/a><br \/>Internet: <a title=\"Le Traiteur Cateringservice\" href=\"https:\/\/www.le-traiteur.de\/\">www.le-traiteur.de<\/a><\/p>\n<div class=\"col medium-6\">\n<h2>RECHTLICHE INFORMATIONEN<\/h2>\n<dl>\n<dt>Inhaber: Heinrich Arnolds<\/dt>\n<dt>Rechtsform: Eingetragener Kaufmann (e.K.)<\/dt>\n<dt>Kammer: IHK Essen<\/dt>\n<dt>Aufsichtsbeh\u00f6rde: Veterin\u00e4r und Lebensmittel\u00fcberwachungsamt Essen<\/dt>\n<dt>Registerart: Handelsregister<\/dt>\n<dt>Registerort: Amtsgericht Essen<\/dt>\n<dt>Registernummer: HRB 6866<\/dt>\n<\/dl>\n<p>Online-Streitbeilegung gem\u00e4\u00df Art. 14 Abs. 1 ODR-VO: Die Europ\u00e4ische Kommission stellt eine Plattform zur Online-Streitbeilegung (OS) bereit, die Sie unter\u00a0<a title=\"Online-Streitbeilegung der Europ\u00e4ischen Kommission\" href=\"https:\/\/ec.europa.eu\/consumers\/odr\/\" target=\"_blank\" rel=\"nofollow noopener\">https:\/\/ec.europa.eu\/consumers\/odr\/<\/a>\u00a0finden. Dar\u00fcber hinaus nimmt unser Betrieb an einem Verbraucherstreitigkeitsverfahren nicht teil.<\/p>\n<p>Bitte beachten Sie auch unsere\u00a0<a title=\"Hochzeit-Catering in 45219 Essen | Datenschutz\" href=\"https:\/\/www.le-traiteur.de\/datenschutzerklaerung.php\">Datenschutzerkl\u00e4rung<\/a>.<\/p>\n<\/div>\n<p>\u00a0<\/p>\n<h2><strong>Urheberrecht<\/strong><\/h2>\n<p>Kein Teil dieser Publikation darf ohne ausdr\u00fcckliche schriftliche Genehmigung des Herausgebers bzw. des Urhebers der betreffenden Inhalte, in irgendeiner Form reproduziert oder unter Verwendung elektronischer Systeme verarbeitet, vervielf\u00e4ltigt oder verbreitet werden.<\/p>\n<h2><strong>Haftungshinweis<\/strong><\/h2>\n<p>Trotz sorgf\u00e4ltiger inhaltlicher Kontrolle \u00fcbernehmen wir keine Haftung f\u00fcr die Inhalte externer Links. F\u00fcr den Inhalt der verlinkten Seiten sind ausschlie\u00dflich deren Betreiber verantwortlich.<\/p>\n<p>Layout &amp; Design \u00a9 2022\u00a0<a href=\"http:\/\/www.rsb-design.de\/\" target=\"_blank\" rel=\"noopener\">RSB DESIGN GmbH<\/a>\u00a0<\/p>\n<h2><strong>Bildnachweis<\/strong><\/h2>\n<p><a href=\"http:\/\/www.shutterstock.com\/\" target=\"_blank\" rel=\"noopener\">www.shutterstock.com<\/a><\/p><\/p>\n<\/div><\/div><style type=\"text\/css\">.fusion-body .fusion-builder-column-0{width:100% !important;margin-top : 200px;margin-bottom : 0px;}.fusion-builder-column-0 > .fusion-column-wrapper {padding-top : 0px !important;padding-right : 0px !important;margin-right : 1.92%;padding-bottom : 0px !important;padding-left : 0px !important;margin-left : 1.92%;}@media only screen and (max-width:1024px) {.fusion-body .fusion-builder-column-0{width:100% !important;}.fusion-builder-column-0 > .fusion-column-wrapper {margin-right : 1.92%;margin-left : 1.92%;}}@media only screen and (max-width:640px) {.fusion-body .fusion-builder-column-0{width:100% !important;}.fusion-builder-column-0 > .fusion-column-wrapper {margin-right : 1.92%;margin-left : 1.92%;}}<\/style><\/div><\/div><style type=\"text\/css\">.fusion-body .fusion-flex-container.fusion-builder-row-1{ padding-top : 0px;margin-top : 0px;padding-right : 0px;padding-bottom : 0px;margin-bottom : 0px;padding-left : 0px;}<\/style><\/div>","protected":false},"excerpt":{"rendered":"","protected":false},"author":1,"featured_media":0,"parent":0,"menu_order":0,"comment_status":"closed","ping_status":"closed","template":"","meta":{"footnotes":""},"class_list":["post-3882","page","type-page","status-publish","hentry"],"yoast_head":"<!-- This site is optimized with the Yoast SEO plugin v19.3 - https:\/\/yoast.com\/wordpress\/plugins\/seo\/ -->\n<title>Impressum - Le Traiteur Cateringservice in Essen<\/title>\n<meta name=\"description\" content=\"Le Traiteur Catering- und Partyservice. Wir verk\u00f6stigen Sie auf Ihrer Veranstaltung nach Ihren w\u00fcnschen. Jetzt Angebot sichern.\" \/>\n<meta name=\"robots\" content=\"index, follow, max-snippet:-1, max-image-preview:large, max-video-preview:-1\" \/>\n<link rel=\"canonical\" href=\"https:\/\/www.le-traiteur.de\/index.php\/impressum\/\" \/>\n<meta property=\"og:locale\" content=\"de_DE\" \/>\n<meta property=\"og:type\" content=\"article\" \/>\n<meta property=\"og:title\" content=\"Impressum - Le Traiteur Cateringservice in Essen\" \/>\n<meta property=\"og:description\" content=\"Le Traiteur Catering- und Partyservice. Wir verk\u00f6stigen Sie auf Ihrer Veranstaltung nach Ihren w\u00fcnschen. Jetzt Angebot sichern.\" \/>\n<meta property=\"og:url\" content=\"https:\/\/www.le-traiteur.de\/index.php\/impressum\/\" \/>\n<meta property=\"og:site_name\" content=\"Le Traiteur\" \/>\n<meta property=\"article:modified_time\" content=\"2022-10-14T08:07:01+00:00\" \/>\n<meta name=\"twitter:card\" content=\"summary_large_image\" \/>\n<meta name=\"twitter:label1\" content=\"Gesch\u00e4tzte Lesezeit\" \/>\n\t<meta name=\"twitter:data1\" content=\"1\u00a0Minute\" \/>\n<script type=\"application\/ld+json\" class=\"yoast-schema-graph\">{\"@context\":\"https:\/\/schema.org\",\"@graph\":[{\"@type\":\"WebSite\",\"@id\":\"https:\/\/www.le-traiteur.de\/#website\",\"url\":\"https:\/\/www.le-traiteur.de\/\",\"name\":\"Le Traiteur\",\"description\":\"Catering Service in Essen\",\"potentialAction\":[{\"@type\":\"SearchAction\",\"target\":{\"@type\":\"EntryPoint\",\"urlTemplate\":\"https:\/\/www.le-traiteur.de\/?s={search_term_string}\"},\"query-input\":\"required name=search_term_string\"}],\"inLanguage\":\"de\"},{\"@type\":\"WebPage\",\"@id\":\"https:\/\/www.le-traiteur.de\/index.php\/impressum\/\",\"url\":\"https:\/\/www.le-traiteur.de\/index.php\/impressum\/\",\"name\":\"Impressum - Le Traiteur Cateringservice in Essen\",\"isPartOf\":{\"@id\":\"https:\/\/www.le-traiteur.de\/#website\"},\"datePublished\":\"2022-08-03T15:18:49+00:00\",\"dateModified\":\"2022-10-14T08:07:01+00:00\",\"description\":\"Le Traiteur Catering- und Partyservice. Wir verk\u00f6stigen Sie auf Ihrer Veranstaltung nach Ihren w\u00fcnschen. Jetzt Angebot sichern.\",\"breadcrumb\":{\"@id\":\"https:\/\/www.le-traiteur.de\/index.php\/impressum\/#breadcrumb\"},\"inLanguage\":\"de\",\"potentialAction\":[{\"@type\":\"ReadAction\",\"target\":[\"https:\/\/www.le-traiteur.de\/index.php\/impressum\/\"]}]},{\"@type\":\"BreadcrumbList\",\"@id\":\"https:\/\/www.le-traiteur.de\/index.php\/impressum\/#breadcrumb\",\"itemListElement\":[{\"@type\":\"ListItem\",\"position\":1,\"name\":\"Startseite\",\"item\":\"https:\/\/www.le-traiteur.de\/\"},{\"@type\":\"ListItem\",\"position\":2,\"name\":\"Impressum\"}]}]}<\/script>\n<!-- \/ Yoast SEO plugin. -->","yoast_head_json":{"title":"Impressum - Le Traiteur Cateringservice in Essen","description":"Le Traiteur Catering- und Partyservice. Wir verk\u00f6stigen Sie auf Ihrer Veranstaltung nach Ihren w\u00fcnschen. Jetzt Angebot sichern.","robots":{"index":"index","follow":"follow","max-snippet":"max-snippet:-1","max-image-preview":"max-image-preview:large","max-video-preview":"max-video-preview:-1"},"canonical":"https:\/\/www.le-traiteur.de\/index.php\/impressum\/","og_locale":"de_DE","og_type":"article","og_title":"Impressum - Le Traiteur Cateringservice in Essen","og_description":"Le Traiteur Catering- und Partyservice. Wir verk\u00f6stigen Sie auf Ihrer Veranstaltung nach Ihren w\u00fcnschen. Jetzt Angebot sichern.","og_url":"https:\/\/www.le-traiteur.de\/index.php\/impressum\/","og_site_name":"Le Traiteur","article_modified_time":"2022-10-14T08:07:01+00:00","twitter_card":"summary_large_image","twitter_misc":{"Gesch\u00e4tzte Lesezeit":"1\u00a0Minute"},"schema":{"@context":"https:\/\/schema.org","@graph":[{"@type":"WebSite","@id":"https:\/\/www.le-traiteur.de\/#website","url":"https:\/\/www.le-traiteur.de\/","name":"Le Traiteur","description":"Catering Service in Essen","potentialAction":[{"@type":"SearchAction","target":{"@type":"EntryPoint","urlTemplate":"https:\/\/www.le-traiteur.de\/?s={search_term_string}"},"query-input":"required name=search_term_string"}],"inLanguage":"de"},{"@type":"WebPage","@id":"https:\/\/www.le-traiteur.de\/index.php\/impressum\/","url":"https:\/\/www.le-traiteur.de\/index.php\/impressum\/","name":"Impressum - Le Traiteur Cateringservice in Essen","isPartOf":{"@id":"https:\/\/www.le-traiteur.de\/#website"},"datePublished":"2022-08-03T15:18:49+00:00","dateModified":"2022-10-14T08:07:01+00:00","description":"Le Traiteur Catering- und Partyservice. Wir verk\u00f6stigen Sie auf Ihrer Veranstaltung nach Ihren w\u00fcnschen. Jetzt Angebot sichern.","breadcrumb":{"@id":"https:\/\/www.le-traiteur.de\/index.php\/impressum\/#breadcrumb"},"inLanguage":"de","potentialAction":[{"@type":"ReadAction","target":["https:\/\/www.le-traiteur.de\/index.php\/impressum\/"]}]},{"@type":"BreadcrumbList","@id":"https:\/\/www.le-traiteur.de\/index.php\/impressum\/#breadcrumb","itemListElement":[{"@type":"ListItem","position":1,"name":"Startseite","item":"https:\/\/www.le-traiteur.de\/"},{"@type":"ListItem","position":2,"name":"Impressum"}]}]}},"_links":{"self":[{"href":"https:\/\/www.le-traiteur.de\/index.php\/wp-json\/wp\/v2\/pages\/3882","targetHints":{"allow":["GET"]}}],"collection":[{"href":"https:\/\/www.le-traiteur.de\/index.php\/wp-json\/wp\/v2\/pages"}],"about":[{"href":"https:\/\/www.le-traiteur.de\/index.php\/wp-json\/wp\/v2\/types\/page"}],"author":[{"embeddable":true,"href":"https:\/\/www.le-traiteur.de\/index.php\/wp-json\/wp\/v2\/users\/1"}],"replies":[{"embeddable":true,"href":"https:\/\/www.le-traiteur.de\/index.php\/wp-json\/wp\/v2\/comments?post=3882"}],"version-history":[{"count":5,"href":"https:\/\/www.le-traiteur.de\/index.php\/wp-json\/wp\/v2\/pages\/3882\/revisions"}],"predecessor-version":[{"id":4570,"href":"https:\/\/www.le-traiteur.de\/index.php\/wp-json\/wp\/v2\/pages\/3882\/revisions\/4570"}],"wp:attachment":[{"href":"https:\/\/www.le-traiteur.de\/index.php\/wp-json\/wp\/v2\/media?parent=3882"}],"curies":[{"name":"wp","href":"https:\/\/api.w.org\/{rel}","templated":true}]}}